{"id":3469,"date":"2022-04-13T14:57:43","date_gmt":"2022-04-13T12:57:43","guid":{"rendered":"https:\/\/measline.com\/?page_id=3469"},"modified":"2022-04-13T15:40:44","modified_gmt":"2022-04-13T13:40:44","slug":"pomiar_geometrii_ciagadel_dgms","status":"publish","type":"page","link":"https:\/\/measline.com\/index.php\/pl\/pomiar_geometrii_ciagadel_dgms\/","title":{"rendered":"DGMS Urz\u0105dzenie do pomiaru geometrii ci\u0105gade\u0142"},"content":{"rendered":"\n\n[et_pb_section fb_built=&#8221;1&#8243; _builder_version=&#8221;4.16&#8243; _module_preset=&#8221;default&#8221; background_color=&#8221;rgba(0,0,0,0.05)&#8221; custom_margin=&#8221;0px|0px|0px|0px|false|false&#8221; custom_padding=&#8221;0px|0px|0px|0px|false|false&#8221; global_colors_info=&#8221;{}&#8221;][et_pb_row _builder_version=&#8221;4.16&#8243; _module_preset=&#8221;default&#8221; custom_margin=&#8221;0px||0px||true|false&#8221; custom_padding=&#8221;11px||3px||false|false&#8221; global_colors_info=&#8221;{}&#8221;][et_pb_column type=&#8221;4_4&#8243; _builder_version=&#8221;4.16&#8243; _module_preset=&#8221;default&#8221; global_colors_info=&#8221;{}&#8221;][et_pb_button button_url=&#8221;@ET-DC@eyJkeW5hbWljIjp0cnVlLCJjb250ZW50IjoicG9zdF9saW5rX3VybF9wYWdlIiwic2V0dGluZ3MiOnsicG9zdF9pZCI6IjMwMzAifX0=@&#8221; button_text=&#8221;Powr\u00f3t do podkategorii&#8221; _builder_version=&#8221;4.17.0&#8243; _dynamic_attributes=&#8221;button_url&#8221; _module_preset=&#8221;default&#8221; custom_button=&#8221;on&#8221; button_text_color=&#8221;#225500&#8243; button_border_width=&#8221;0px&#8221; button_icon=&#8221;&#x4a;||divi||400&#8243; global_colors_info=&#8221;{}&#8221;][\/et_pb_button][\/et_pb_column][\/et_pb_row][\/et_pb_section][et_pb_section fb_built=&#8221;1&#8243; _builder_version=&#8221;4.16&#8243; _module_preset=&#8221;default&#8221; global_colors_info=&#8221;{}&#8221;][et_pb_row column_structure=&#8221;1_2,1_2&#8243; _builder_version=&#8221;4.16&#8243; _module_preset=&#8221;default&#8221; global_colors_info=&#8221;{}&#8221;][et_pb_column type=&#8221;1_2&#8243; _builder_version=&#8221;4.16&#8243; _module_preset=&#8221;default&#8221; global_colors_info=&#8221;{}&#8221;][et_pb_image src=&#8221;https:\/\/measline.com\/wp-content\/uploads\/2022\/03\/DGMS-ciagadlo-2.png&#8221; alt=&#8221;DGMS system do pomiar\u00f3w ci\u0105gade\u0142&#8221; title_text=&#8221;Dgms Ci\u0105gad\u0142o&#8221; align=&#8221;center&#8221; _builder_version=&#8221;4.17.0&#8243; _module_preset=&#8221;default&#8221; width=&#8221;71%&#8221; custom_padding=&#8221;0px||0px||true|false&#8221; global_colors_info=&#8221;{}&#8221;][\/et_pb_image][\/et_pb_column][et_pb_column type=&#8221;1_2&#8243; _builder_version=&#8221;4.16&#8243; _module_preset=&#8221;default&#8221; global_colors_info=&#8221;{}&#8221;][et_pb_text _builder_version=&#8221;4.17.0&#8243; _module_preset=&#8221;default&#8221; custom_padding=&#8221;13px|||||&#8221; global_colors_info=&#8221;{}&#8221;]<h1><strong>DGMS Urz\u0105dzenie do pomiaru geometrii ci\u0105gade\u0142<\/strong><\/h1>[\/et_pb_text][et_pb_divider color=&#8221;#215500&#8243; divider_weight=&#8221;2px&#8221; _builder_version=&#8221;4.16&#8243; _module_preset=&#8221;default&#8221; custom_margin=&#8221;-23px||6px||false|false&#8221; global_colors_info=&#8221;{}&#8221;][\/et_pb_divider][et_pb_text _builder_version=&#8221;4.17.0&#8243; _module_preset=&#8221;default&#8221; global_colors_info=&#8221;{}&#8221;]<div style=\"text-align: justify;\"><\/div>\n<p align=\"justify\">System do w pe\u0142ni zautomatyzowanego pomiaru \u015brednicy i okr\u0105g\u0142o\u015bci otwor\u00f3w ci\u0105gade\u0142. Zmotoryzowany stolik do pomiaru optyki oraz r\u0119czny stolik x\/y umo\u017cliwiaj\u0105 precyzyjne pozycjonowanie badanych element\u00f3w. Urz\u0105dzenie wyposa\u017cone jest w optyk\u0119 pomiarow\u0105 z nastawnym o\u015bwietleniem LED. Pomiar geometrii ci\u0105gade\u0142 realizowany jest za pomoc\u0105 oprogramowania umo\u017cliwiaj\u0105cego kontrol\u0119 m.in. silnika, autofokusu i o\u015bwietlenia obszar pomiarowego. Jednocze\u015bnie pozwala na analiz\u0119 obrazu z kamery w czasie rzeczywistym. Ponadto oprogramowanie umo\u017cliwia tworzenie protoko\u0142\u00f3w z przeprowadzonych pomiar\u00f3w.<\/p>[\/et_pb_text][\/et_pb_column][\/et_pb_row][\/et_pb_section][et_pb_section fb_built=&#8221;1&#8243; _builder_version=&#8221;4.16&#8243; _module_preset=&#8221;default&#8221; background_color=&#8221;rgba(0,0,0,0.05)&#8221; global_colors_info=&#8221;{}&#8221;][et_pb_row column_structure=&#8221;2_3,1_3&#8243; _builder_version=&#8221;4.16&#8243; _module_preset=&#8221;default&#8221; global_colors_info=&#8221;{}&#8221;][et_pb_column type=&#8221;2_3&#8243; _builder_version=&#8221;4.16&#8243; _module_preset=&#8221;default&#8221; global_colors_info=&#8221;{}&#8221;][et_pb_text _builder_version=&#8221;4.16&#8243; _module_preset=&#8221;default&#8221; custom_margin=&#8221;-50px||||false|false&#8221; global_colors_info=&#8221;{}&#8221;]<div>\n<h3 class=\"Standard\">Najwa\u017cniejsze cechy urz\u0105dzenia umo\u017cliwiaj\u0105cego pomiar geometrii ci\u0105gade\u0142 DGMS<o:p><\/o:p><\/h3>\n<\/div>\n<div>\n<ul>\n<li>przeznaczone do precyzyjnych pomiar\u00f3w \u015brednicy otworu raz jego okr\u0105g\u0142o\u015bci<\/li>\n<li>urz\u0105dzenie wyposa\u017cone w zmotoryzowany stolik do pomiaru optyki oraz r\u0119czny stolik do pozycjonowania w osiach x i y\u00a0\u00a0<\/li>\n<li>pomiary optyczne w oparciu o optyk\u0119 pomiarow\u0105 wraz z kamer\u0105 USB<\/li>\n<li>obraz z kamery wy\u015bwietlany w czasie rzeczywistym na ekranie komputera<\/li>\n<li>w zale\u017cno\u015bci od wybranych obiektywu (powi\u0119kszenia: 12x, 10x, 4x, 1x, 0,4x) mo\u017cliwo\u015b\u0107 pomiaru \u015brednic w zakresie od 0,01-12 mm<\/li>\n<li>oprogramowanie umo\u017cliwia zar\u00f3wno kontrolowanie urz\u0105dzenia (sterownik silnika, autofokus, o\u015bwietlenie), jak r\u00f3nie\u017c analiz\u0119 obrazu i tworzenie protoko\u0142\u00f3w pomiarowych<\/li>\n<\/ul>\n<p>\u00a0<span style=\"font-size: 14px;\">\u00a0<\/span><\/p>\n<\/div>\n<div>\n<p class=\"Standard\"><o:p><\/o:p><\/p>\n<\/div>[\/et_pb_text][\/et_pb_column][et_pb_column type=&#8221;1_3&#8243; _builder_version=&#8221;4.16&#8243; _module_preset=&#8221;default&#8221; global_colors_info=&#8221;{}&#8221;][et_pb_image src=&#8221;https:\/\/measline.com\/wp-content\/uploads\/2022\/04\/Uchwyt-ciagadlo.jpg&#8221; alt=&#8221;Uchwyt do pomiaru geometrii ci\u0105gade\u0142&#8221; title_text=&#8221;Uchwyt do ci\u0105gad\u0142a&#8221; _builder_version=&#8221;4.17.0&#8243; _module_preset=&#8221;default&#8221; width=&#8221;97.7%&#8221; custom_margin=&#8221;-52px|||||&#8221; custom_padding=&#8221;|69px||33px||&#8221; global_colors_info=&#8221;{}&#8221;][\/et_pb_image][\/et_pb_column][\/et_pb_row][et_pb_row _builder_version=&#8221;4.16&#8243; _module_preset=&#8221;default&#8221; global_colors_info=&#8221;{}&#8221;][et_pb_column type=&#8221;4_4&#8243; _builder_version=&#8221;4.16&#8243; _module_preset=&#8221;default&#8221; global_colors_info=&#8221;{}&#8221;][et_pb_video src=&#8221;https:\/\/www.youtube.com\/watch?v=5u0Jbq1HHkc&#8221; _builder_version=&#8221;4.17.0&#8243; _module_preset=&#8221;default&#8221; global_colors_info=&#8221;{}&#8221;][\/et_pb_video][\/et_pb_column][\/et_pb_row][\/et_pb_section][et_pb_section fb_built=&#8221;1&#8243; _builder_version=&#8221;4.16&#8243; _module_preset=&#8221;default&#8221; background_color=&#8221;#FFFFFF&#8221; custom_padding=&#8221;30px||54px||false|false&#8221; global_colors_info=&#8221;{}&#8221;][et_pb_row _builder_version=&#8221;4.16&#8243; _module_preset=&#8221;default&#8221; custom_margin=&#8221;||||false|false&#8221; custom_padding=&#8221;||||false|false&#8221; global_colors_info=&#8221;{}&#8221;][et_pb_column type=&#8221;4_4&#8243; _builder_version=&#8221;4.16&#8243; _module_preset=&#8221;default&#8221; global_colors_info=&#8221;{}&#8221;][et_pb_text _builder_version=&#8221;4.17.0&#8243; _module_preset=&#8221;default&#8221; global_colors_info=&#8221;{}&#8221;]<div class=\"dataTables_scrollHead\">\n<div class=\"dataTables_scrollHeadInner\">\n<h3>Specyfikacja zale\u017cna od wybranego zestawu obiektyw\u00f3w:<\/h3>\n<div>\n<table border=\"1\" style=\"border-collapse: collapse; width: 100%; height: 168px;\">\n<tbody>\n<tr style=\"height: 24px;\">\n<td style=\"text-align: left;\">Parametr<\/td>\n<td style=\"text-align: center;\">1. obiektyw<\/td>\n<td style=\"text-align: center;\">2. obiektyw<\/td>\n<td style=\"text-align: center;\">3. obiektyw\u00a0<\/td>\n<td style=\"text-align: center;\">4. obiektyw\u00a0<\/td>\n<td style=\"text-align: center;\">5. obiektyw<\/td>\n<\/tr>\n<tr style=\"height: 24px;\">\n<td style=\"text-align: left;\">Powi\u0119kszenie<\/td>\n<td style=\"text-align: center;\">12x<\/td>\n<td style=\"text-align: center;\">10x<\/td>\n<td style=\"text-align: center;\">4x<\/td>\n<td style=\"text-align: center;\">1x<\/td>\n<td style=\"text-align: center;\">0,4x<\/td>\n<\/tr>\n<tr style=\"height: 24px;\">\n<td style=\"text-align: left;\">zakres mierzonych \u015brednic<\/td>\n<td style=\"text-align: center;\">0,01-0,4 mm<\/td>\n<td style=\"text-align: center;\">0,02-0,5 mm<\/td>\n<td style=\"text-align: center;\">0,05-1,3 mm<\/td>\n<td style=\"text-align: center;\">0,3-5 mm<\/td>\n<td style=\"text-align: center;\">0,5-12 mm<\/td>\n<\/tr>\n<tr style=\"height: 24px;\">\n<td style=\"text-align: left;\">Powtarzalno\u015b\u0107 pomiaru \u015brednicy<\/td>\n<td colspan=\"2\" style=\"text-align: center;\">\n<p align=\"justify\">\u22640,2 \u03bcm<\/p>\n<\/td>\n<td style=\"text-align: center;\">\u22640,3 \u03bcm<\/td>\n<td style=\"text-align: center;\">\u22640,4 \u03bcm<\/td>\n<td style=\"text-align: center;\">\u22640,75 \u03bcm<\/td>\n<\/tr>\n<tr style=\"height: 24px;\">\n<td style=\"text-align: left;\">Dok\u0142adno\u015b\u0107 pomiaru \u015brednicy<\/td>\n<td colspan=\"2\" style=\"text-align: center;\">\u22641,0 \u03bcm<\/td>\n<td style=\"text-align: center;\">\u22641,5 \u03bcm<\/td>\n<td colspan=\"2\" style=\"text-align: center;\">\u22643,0 \u03bcm<\/td>\n<\/tr>\n<tr style=\"height: 24px;\">\n<td style=\"text-align: left;\">Dok\u0142adno\u015b\u0107 pomiaru k\u0105ta redukcji \/max. k\u0105t<\/td>\n<td colspan=\"5\" style=\"text-align: center;\">0,5\u00b0\/ 30\u00b0<\/td>\n<\/tr>\n<tr style=\"height: 24px;\">\n<td style=\"text-align: left;\">czas pomiaru<\/td>\n<td colspan=\"5\" style=\"text-align: center;\">5-15 sekund<\/td>\n<\/tr>\n<\/tbody>\n<\/table>\n<\/div>\n<div>\n<ul><\/ul>\n<p><a href=\"https:\/\/www.oeggmbh.com\/?p=12&amp;k=18&amp;kj=&amp;z=&amp;l=1\" target=\"_blank\" rel=\"noopener\">Zobacz wi\u0119cej na stronie producenta<\/a><\/p>\n<\/div>\n<div>\n<ul><\/ul>\n<\/div>\n<div>\n<ul><\/ul>\n<\/div>\n<\/div>\n<\/div>[\/et_pb_text][\/et_pb_column][\/et_pb_row][\/et_pb_section]\n\n","protected":false},"excerpt":{"rendered":"<p>DGMS Urz\u0105dzenie do pomiaru geometrii ci\u0105gade\u0142 System do w pe\u0142ni zautomatyzowanego pomiaru \u015brednicy i okr\u0105g\u0142o\u015bci otwor\u00f3w ci\u0105gade\u0142. Zmotoryzowany stolik do pomiaru optyki oraz r\u0119czny stolik x\/y umo\u017cliwiaj\u0105 precyzyjne pozycjonowanie badanych element\u00f3w. Urz\u0105dzenie wyposa\u017cone jest w optyk\u0119 pomiarow\u0105 z nastawnym o\u015bwietleniem LED. Pomiar geometrii ci\u0105gade\u0142 realizowany jest za pomoc\u0105 oprogramowania umo\u017cliwiaj\u0105cego kontrol\u0119 m.in. silnika, autofokusu i [&hellip;]<\/p>\n","protected":false},"author":2,"featured_media":3112,"parent":0,"menu_order":0,"comment_status":"closed","ping_status":"closed","template":"","meta":{"_et_pb_use_builder":"on","_et_pb_old_content":"","_et_gb_content_width":"","footnotes":""},"class_list":["post-3469","page","type-page","status-publish","has-post-thumbnail","hentry"],"yoast_head":"<!-- This site is optimized with the Yoast SEO plugin v27.4 - https:\/\/yoast.com\/product\/yoast-seo-wordpress\/ -->\n<title>Pomiar geometrii ci\u0105gade\u0142- urz\u0105dzenie DGMS firmy OEG - Measline<\/title>\n<meta name=\"description\" content=\"Urz\u0105dzenie firmy OEG umo\u017cliwiaj\u0105ce pomiar geometrii ci\u0105gade\u0142- \u015brednicy oraz okr\u0105g\u0142o\u015bci otwor\u00f3w- metod\u0105 optyczn\u0105\" \/>\n<meta name=\"robots\" content=\"index, follow, max-snippet:-1, max-image-preview:large, max-video-preview:-1\" \/>\n<link rel=\"canonical\" href=\"https:\/\/measline.com\/index.php\/pl\/pomiar_geometrii_ciagadel_dgms\/\" \/>\n<meta property=\"og:locale\" content=\"pl_PL\" \/>\n<meta property=\"og:type\" content=\"article\" \/>\n<meta property=\"og:title\" content=\"Pomiar geometrii ci\u0105gade\u0142- urz\u0105dzenie DGMS firmy OEG - Measline\" \/>\n<meta property=\"og:description\" content=\"Urz\u0105dzenie firmy OEG umo\u017cliwiaj\u0105ce pomiar geometrii ci\u0105gade\u0142- \u015brednicy oraz okr\u0105g\u0142o\u015bci otwor\u00f3w- metod\u0105 optyczn\u0105\" \/>\n<meta property=\"og:url\" content=\"https:\/\/measline.com\/index.php\/pl\/pomiar_geometrii_ciagadel_dgms\/\" \/>\n<meta property=\"og:site_name\" content=\"Measline\" \/>\n<meta property=\"article:modified_time\" content=\"2022-04-13T13:40:44+00:00\" \/>\n<meta property=\"og:image\" content=\"https:\/\/measline.com\/wp-content\/uploads\/2022\/04\/Uchwyt-ciagadlo.jpg\" \/>\n\t<meta property=\"og:image:width\" content=\"1340\" \/>\n\t<meta property=\"og:image:height\" content=\"532\" \/>\n\t<meta property=\"og:image:type\" content=\"image\/jpeg\" \/>\n<meta name=\"twitter:card\" content=\"summary_large_image\" \/>\n<meta name=\"twitter:label1\" content=\"Szacowany czas czytania\" \/>\n\t<meta name=\"twitter:data1\" content=\"3 minuty\" \/>\n<script type=\"application\/ld+json\" class=\"yoast-schema-graph\">{\"@context\":\"https:\\\/\\\/schema.org\",\"@graph\":[{\"@type\":\"WebPage\",\"@id\":\"https:\\\/\\\/measline.com\\\/index.php\\\/pl\\\/pomiar_geometrii_ciagadel_dgms\\\/\",\"url\":\"https:\\\/\\\/measline.com\\\/index.php\\\/pl\\\/pomiar_geometrii_ciagadel_dgms\\\/\",\"name\":\"Pomiar geometrii ci\u0105gade\u0142- urz\u0105dzenie DGMS firmy OEG - Measline\",\"isPartOf\":{\"@id\":\"https:\\\/\\\/measline.com\\\/#website\"},\"primaryImageOfPage\":{\"@id\":\"https:\\\/\\\/measline.com\\\/index.php\\\/pl\\\/pomiar_geometrii_ciagadel_dgms\\\/#primaryimage\"},\"image\":{\"@id\":\"https:\\\/\\\/measline.com\\\/index.php\\\/pl\\\/pomiar_geometrii_ciagadel_dgms\\\/#primaryimage\"},\"thumbnailUrl\":\"https:\\\/\\\/measline.com\\\/wp-content\\\/uploads\\\/2022\\\/04\\\/Uchwyt-ciagadlo.jpg\",\"datePublished\":\"2022-04-13T12:57:43+00:00\",\"dateModified\":\"2022-04-13T13:40:44+00:00\",\"description\":\"Urz\u0105dzenie firmy OEG umo\u017cliwiaj\u0105ce pomiar geometrii ci\u0105gade\u0142- \u015brednicy oraz okr\u0105g\u0142o\u015bci otwor\u00f3w- metod\u0105 optyczn\u0105\",\"breadcrumb\":{\"@id\":\"https:\\\/\\\/measline.com\\\/index.php\\\/pl\\\/pomiar_geometrii_ciagadel_dgms\\\/#breadcrumb\"},\"inLanguage\":\"pl-PL\",\"potentialAction\":[{\"@type\":\"ReadAction\",\"target\":[\"https:\\\/\\\/measline.com\\\/index.php\\\/pl\\\/pomiar_geometrii_ciagadel_dgms\\\/\"]}]},{\"@type\":\"ImageObject\",\"inLanguage\":\"pl-PL\",\"@id\":\"https:\\\/\\\/measline.com\\\/index.php\\\/pl\\\/pomiar_geometrii_ciagadel_dgms\\\/#primaryimage\",\"url\":\"https:\\\/\\\/measline.com\\\/wp-content\\\/uploads\\\/2022\\\/04\\\/Uchwyt-ciagadlo.jpg\",\"contentUrl\":\"https:\\\/\\\/measline.com\\\/wp-content\\\/uploads\\\/2022\\\/04\\\/Uchwyt-ciagadlo.jpg\",\"width\":1340,\"height\":532,\"caption\":\"Uchwyt do pomiaru geometrii ci\u0105gade\u0142\"},{\"@type\":\"BreadcrumbList\",\"@id\":\"https:\\\/\\\/measline.com\\\/index.php\\\/pl\\\/pomiar_geometrii_ciagadel_dgms\\\/#breadcrumb\",\"itemListElement\":[{\"@type\":\"ListItem\",\"position\":1,\"name\":\"Strona g\u0142\u00f3wna\",\"item\":\"https:\\\/\\\/measline.com\\\/index.php\\\/pl\\\/\"},{\"@type\":\"ListItem\",\"position\":2,\"name\":\"DGMS Urz\u0105dzenie do pomiaru geometrii ci\u0105gade\u0142\"}]},{\"@type\":\"WebSite\",\"@id\":\"https:\\\/\\\/measline.com\\\/#website\",\"url\":\"https:\\\/\\\/measline.com\\\/\",\"name\":\"Measline\",\"description\":\"Advanced solutions\",\"publisher\":{\"@id\":\"https:\\\/\\\/measline.com\\\/#organization\"},\"potentialAction\":[{\"@type\":\"SearchAction\",\"target\":{\"@type\":\"EntryPoint\",\"urlTemplate\":\"https:\\\/\\\/measline.com\\\/?s={search_term_string}\"},\"query-input\":{\"@type\":\"PropertyValueSpecification\",\"valueRequired\":true,\"valueName\":\"search_term_string\"}}],\"inLanguage\":\"pl-PL\"},{\"@type\":\"Organization\",\"@id\":\"https:\\\/\\\/measline.com\\\/#organization\",\"name\":\"Measline\",\"url\":\"https:\\\/\\\/measline.com\\\/\",\"logo\":{\"@type\":\"ImageObject\",\"inLanguage\":\"pl-PL\",\"@id\":\"https:\\\/\\\/measline.com\\\/#\\\/schema\\\/logo\\\/image\\\/\",\"url\":\"https:\\\/\\\/measline.com\\\/wp-content\\\/uploads\\\/2021\\\/11\\\/logo_color_small.png.png\",\"contentUrl\":\"https:\\\/\\\/measline.com\\\/wp-content\\\/uploads\\\/2021\\\/11\\\/logo_color_small.png.png\",\"width\":1000,\"height\":417,\"caption\":\"Measline\"},\"image\":{\"@id\":\"https:\\\/\\\/measline.com\\\/#\\\/schema\\\/logo\\\/image\\\/\"}}]}<\/script>\n<!-- \/ Yoast SEO plugin. -->","yoast_head_json":{"title":"Pomiar geometrii ci\u0105gade\u0142- urz\u0105dzenie DGMS firmy OEG - Measline","description":"Urz\u0105dzenie firmy OEG umo\u017cliwiaj\u0105ce pomiar geometrii ci\u0105gade\u0142- \u015brednicy oraz okr\u0105g\u0142o\u015bci otwor\u00f3w- metod\u0105 optyczn\u0105","robots":{"index":"index","follow":"follow","max-snippet":"max-snippet:-1","max-image-preview":"max-image-preview:large","max-video-preview":"max-video-preview:-1"},"canonical":"https:\/\/measline.com\/index.php\/pl\/pomiar_geometrii_ciagadel_dgms\/","og_locale":"pl_PL","og_type":"article","og_title":"Pomiar geometrii ci\u0105gade\u0142- urz\u0105dzenie DGMS firmy OEG - Measline","og_description":"Urz\u0105dzenie firmy OEG umo\u017cliwiaj\u0105ce pomiar geometrii ci\u0105gade\u0142- \u015brednicy oraz okr\u0105g\u0142o\u015bci otwor\u00f3w- metod\u0105 optyczn\u0105","og_url":"https:\/\/measline.com\/index.php\/pl\/pomiar_geometrii_ciagadel_dgms\/","og_site_name":"Measline","article_modified_time":"2022-04-13T13:40:44+00:00","og_image":[{"width":1340,"height":532,"url":"https:\/\/measline.com\/wp-content\/uploads\/2022\/04\/Uchwyt-ciagadlo.jpg","type":"image\/jpeg"}],"twitter_card":"summary_large_image","twitter_misc":{"Szacowany czas czytania":"3 minuty"},"schema":{"@context":"https:\/\/schema.org","@graph":[{"@type":"WebPage","@id":"https:\/\/measline.com\/index.php\/pl\/pomiar_geometrii_ciagadel_dgms\/","url":"https:\/\/measline.com\/index.php\/pl\/pomiar_geometrii_ciagadel_dgms\/","name":"Pomiar geometrii ci\u0105gade\u0142- urz\u0105dzenie DGMS firmy OEG - Measline","isPartOf":{"@id":"https:\/\/measline.com\/#website"},"primaryImageOfPage":{"@id":"https:\/\/measline.com\/index.php\/pl\/pomiar_geometrii_ciagadel_dgms\/#primaryimage"},"image":{"@id":"https:\/\/measline.com\/index.php\/pl\/pomiar_geometrii_ciagadel_dgms\/#primaryimage"},"thumbnailUrl":"https:\/\/measline.com\/wp-content\/uploads\/2022\/04\/Uchwyt-ciagadlo.jpg","datePublished":"2022-04-13T12:57:43+00:00","dateModified":"2022-04-13T13:40:44+00:00","description":"Urz\u0105dzenie firmy OEG umo\u017cliwiaj\u0105ce pomiar geometrii ci\u0105gade\u0142- \u015brednicy oraz okr\u0105g\u0142o\u015bci otwor\u00f3w- metod\u0105 optyczn\u0105","breadcrumb":{"@id":"https:\/\/measline.com\/index.php\/pl\/pomiar_geometrii_ciagadel_dgms\/#breadcrumb"},"inLanguage":"pl-PL","potentialAction":[{"@type":"ReadAction","target":["https:\/\/measline.com\/index.php\/pl\/pomiar_geometrii_ciagadel_dgms\/"]}]},{"@type":"ImageObject","inLanguage":"pl-PL","@id":"https:\/\/measline.com\/index.php\/pl\/pomiar_geometrii_ciagadel_dgms\/#primaryimage","url":"https:\/\/measline.com\/wp-content\/uploads\/2022\/04\/Uchwyt-ciagadlo.jpg","contentUrl":"https:\/\/measline.com\/wp-content\/uploads\/2022\/04\/Uchwyt-ciagadlo.jpg","width":1340,"height":532,"caption":"Uchwyt do pomiaru geometrii ci\u0105gade\u0142"},{"@type":"BreadcrumbList","@id":"https:\/\/measline.com\/index.php\/pl\/pomiar_geometrii_ciagadel_dgms\/#breadcrumb","itemListElement":[{"@type":"ListItem","position":1,"name":"Strona g\u0142\u00f3wna","item":"https:\/\/measline.com\/index.php\/pl\/"},{"@type":"ListItem","position":2,"name":"DGMS Urz\u0105dzenie do pomiaru geometrii ci\u0105gade\u0142"}]},{"@type":"WebSite","@id":"https:\/\/measline.com\/#website","url":"https:\/\/measline.com\/","name":"Measline","description":"Advanced solutions","publisher":{"@id":"https:\/\/measline.com\/#organization"},"potentialAction":[{"@type":"SearchAction","target":{"@type":"EntryPoint","urlTemplate":"https:\/\/measline.com\/?s={search_term_string}"},"query-input":{"@type":"PropertyValueSpecification","valueRequired":true,"valueName":"search_term_string"}}],"inLanguage":"pl-PL"},{"@type":"Organization","@id":"https:\/\/measline.com\/#organization","name":"Measline","url":"https:\/\/measline.com\/","logo":{"@type":"ImageObject","inLanguage":"pl-PL","@id":"https:\/\/measline.com\/#\/schema\/logo\/image\/","url":"https:\/\/measline.com\/wp-content\/uploads\/2021\/11\/logo_color_small.png.png","contentUrl":"https:\/\/measline.com\/wp-content\/uploads\/2021\/11\/logo_color_small.png.png","width":1000,"height":417,"caption":"Measline"},"image":{"@id":"https:\/\/measline.com\/#\/schema\/logo\/image\/"}}]}},"_links":{"self":[{"href":"https:\/\/measline.com\/index.php\/wp-json\/wp\/v2\/pages\/3469","targetHints":{"allow":["GET"]}}],"collection":[{"href":"https:\/\/measline.com\/index.php\/wp-json\/wp\/v2\/pages"}],"about":[{"href":"https:\/\/measline.com\/index.php\/wp-json\/wp\/v2\/types\/page"}],"author":[{"embeddable":true,"href":"https:\/\/measline.com\/index.php\/wp-json\/wp\/v2\/users\/2"}],"replies":[{"embeddable":true,"href":"https:\/\/measline.com\/index.php\/wp-json\/wp\/v2\/comments?post=3469"}],"version-history":[{"count":8,"href":"https:\/\/measline.com\/index.php\/wp-json\/wp\/v2\/pages\/3469\/revisions"}],"predecessor-version":[{"id":3482,"href":"https:\/\/measline.com\/index.php\/wp-json\/wp\/v2\/pages\/3469\/revisions\/3482"}],"wp:featuredmedia":[{"embeddable":true,"href":"https:\/\/measline.com\/index.php\/wp-json\/wp\/v2\/media\/3112"}],"wp:attachment":[{"href":"https:\/\/measline.com\/index.php\/wp-json\/wp\/v2\/media?parent=3469"}],"curies":[{"name":"wp","href":"https:\/\/api.w.org\/{rel}","templated":true}]}}