{"id":379,"date":"2021-11-24T15:17:21","date_gmt":"2021-11-24T14:17:21","guid":{"rendered":"http:\/\/measline.com\/\/?page_id=379"},"modified":"2022-02-14T11:30:08","modified_gmt":"2022-02-14T10:30:08","slug":"379-2","status":"publish","type":"page","link":"https:\/\/measline.com\/index.php\/pl\/measline\/produkty\/product_afm\/379-2\/","title":{"rendered":"AFM SDL"},"content":{"rendered":"\n[et_pb_section fb_built=&#8221;1&#8243; _builder_version=&#8221;4.14.2&#8243; _module_preset=&#8221;default&#8221; background_color=&#8221;rgba(0,0,0,0.05)&#8221; custom_margin=&#8221;0px|0px|0px|0px|false|false&#8221; custom_padding=&#8221;0px|0px|0px|0px|false|false&#8221; global_colors_info=&#8221;{}&#8221;][et_pb_row _builder_version=&#8221;4.14.2&#8243; _module_preset=&#8221;default&#8221; custom_margin=&#8221;0px||0px||true|false&#8221; custom_padding=&#8221;11px||3px||false|false&#8221; global_colors_info=&#8221;{}&#8221;][et_pb_column type=&#8221;4_4&#8243; _builder_version=&#8221;4.14.2&#8243; _module_preset=&#8221;default&#8221; global_colors_info=&#8221;{}&#8221;][et_pb_button button_url=&#8221;@ET-DC@eyJkeW5hbWljIjp0cnVlLCJjb250ZW50IjoicG9zdF9saW5rX3VybF9wYWdlIiwic2V0dGluZ3MiOnsicG9zdF9pZCI6IjI2MSJ9fQ==@&#8221; button_text=&#8221;Powr\u00f3t do podkategorii&#8221; _builder_version=&#8221;4.14.2&#8243; _dynamic_attributes=&#8221;button_url&#8221; _module_preset=&#8221;default&#8221; custom_button=&#8221;on&#8221; button_text_color=&#8221;#225500&#8243; button_border_width=&#8221;0px&#8221; button_icon=&#8221;&#x4a;||divi||400&#8243; global_colors_info=&#8221;{}&#8221;][\/et_pb_button][\/et_pb_column][\/et_pb_row][\/et_pb_section][et_pb_section fb_built=&#8221;1&#8243; _builder_version=&#8221;4.10.8&#8243; _module_preset=&#8221;default&#8221; global_colors_info=&#8221;{}&#8221;][et_pb_row column_structure=&#8221;1_2,1_2&#8243; _builder_version=&#8221;4.10.8&#8243; _module_preset=&#8221;default&#8221; global_colors_info=&#8221;{}&#8221;][et_pb_column type=&#8221;1_2&#8243; _builder_version=&#8221;4.10.8&#8243; _module_preset=&#8221;default&#8221; global_colors_info=&#8221;{}&#8221;][et_pb_image src=&#8221;http:\/\/measline.com\/\/wp-content\/uploads\/2021\/11\/SDL-743-00-Z1-0_0-with-ion-source-256-1024&#215;1024-1.jpg&#8221; title_text=&#8221;SDL-743-00-Z1-0_0-with-ion-source-256-1024&#215;1024&#8243; align=&#8221;center&#8221; _builder_version=&#8221;4.14.7&#8243; _module_preset=&#8221;default&#8221; max_width=&#8221;75%&#8221; global_colors_info=&#8221;{}&#8221;][\/et_pb_image][\/et_pb_column][et_pb_column type=&#8221;1_2&#8243; _builder_version=&#8221;4.10.8&#8243; _module_preset=&#8221;default&#8221; global_colors_info=&#8221;{}&#8221;][et_pb_text _builder_version=&#8221;4.14.1&#8243; _module_preset=&#8221;default&#8221; global_colors_info=&#8221;{}&#8221;]<div>\n<h2 class=\"Standard\"><b><span>Litografia pojedynczego atomu <\/span><\/b><\/h2>\n<h2 class=\"Standard\"><span>(AFM-SDL Single Dopant Litography)<o:p><\/o:p><\/span><\/h2>\n<\/div>[\/et_pb_text][et_pb_divider color=&#8221;#215500&#8243; divider_weight=&#8221;2px&#8221; _builder_version=&#8221;4.14.1&#8243; _module_preset=&#8221;default&#8221; custom_margin=&#8221;-23px||6px||false|false&#8221; global_colors_info=&#8221;{}&#8221;][\/et_pb_divider][et_pb_text _builder_version=&#8221;4.14.7&#8243; _module_preset=&#8221;default&#8221; global_colors_info=&#8221;{}&#8221;]<div>\n<p class=\"Standard\" style=\"text-align: justify;\"><span>S<\/span><span>ystem SDL wykorzystuje mikroskop si\u0142 atomowych oraz wi\u0105zk\u0119 jonow\u0105 do tworzenia obiekt\u00f3w o rozmiarze pojedynczego atomu, m.in. kropek kwantowych, na powierzchniach krzemowych oraz diamencie. Jest to mo\u017cliwe dzi\u0119ki zastosowaniu <\/span><a href=\"http:\/\/measline.com\/index.php\/probnik-piezorezystywny\/\" target=\"_blank\" rel=\"noopener\"><span>piezorezystywnych pr\u00f3bnik\u00f3w<\/span><\/a><span>, posiadaj\u0105cych niewielki otw\u00f3r w pobli\u017cu ostrza pomiarowego, w kierunku kt\u00f3rego zostaje skierowana wi\u0105zka jon\u00f3w. Ma\u0142y rozmiar otworu skutkuje ma\u0142ym prawdopodobie\u0144stwem przedostania si\u0119 jonu do powierzchni. Gdy jednak do niego dojedzie, ostrze AFM rejestruje zmian\u0119 na powierzchni, a bombardowanie wi\u0105zk\u0105 jon\u00f3w zostaje wstrzymane. W\u00f3wczas mo\u017cna rozpocz\u0105\u0107 nanoszenie w innym, precyzyjnie wyznaczonym punkcie.<o:p><\/o:p><\/span><\/p>\n<\/div>[\/et_pb_text][\/et_pb_column][\/et_pb_row][\/et_pb_section][et_pb_section fb_built=&#8221;1&#8243; _builder_version=&#8221;4.14.2&#8243; _module_preset=&#8221;default&#8221; background_color=&#8221;rgba(0,0,0,0.05)&#8221; global_colors_info=&#8221;{}&#8221;][et_pb_row column_structure=&#8221;2_3,1_3&#8243; admin_label=&#8221;Wiersz&#8221; _builder_version=&#8221;4.14.2&#8243; _module_preset=&#8221;default&#8221; global_colors_info=&#8221;{}&#8221;][et_pb_column type=&#8221;2_3&#8243; _builder_version=&#8221;4.14.2&#8243; _module_preset=&#8221;default&#8221; global_colors_info=&#8221;{}&#8221;][et_pb_text _builder_version=&#8221;4.14.7&#8243; _module_preset=&#8221;default&#8221; global_colors_info=&#8221;{}&#8221;]<h3 class=\"Standard\"><span>Najwa\u017cniejsze cechy systemu SDL:<\/span><\/h3>\n<ul>\n<li class=\"Standard\">Oparty na urz\u0105dzeniu <a href=\"http:\/\/measline.com\/index.php\/350-2\/\" target=\"_blank\" rel=\"noopener\">AFMinSEM<\/a><\/li>\n<li class=\"Standard\">Nanoszenie pojedynczych struktur na powierzchni\u0119 krzemu oraz diamentu<\/li>\n<li class=\"Standard\">Precyzyjna nawigacja<\/li>\n<li class=\"Standard\">Pozycjonowanie z rozdzielczo\u015bci\u0105 poni\u017cej 10 nm<\/li>\n<li class=\"Standard\">Ci\u0105g\u0142a kontrola nanoszenia poprzez bezkontaktowe obrazowanie<\/li>\n<li class=\"Standard\">Praca w wysokiej pr\u00f3\u017cni<\/li>\n<li class=\"Standard\">Dopasowanie do r\u00f3\u017cnych system\u00f3w generowania wi\u0105zki jon\u00f3w<\/li>\n<\/ul>[\/et_pb_text][\/et_pb_column][et_pb_column type=&#8221;1_3&#8243; _builder_version=&#8221;4.14.2&#8243; _module_preset=&#8221;default&#8221; global_colors_info=&#8221;{}&#8221;][et_pb_gallery gallery_ids=&#8221;384,385&#8243; fullwidth=&#8221;on&#8221; _builder_version=&#8221;4.14.7&#8243; _module_preset=&#8221;default&#8221; max_width=&#8221;69%&#8221; hover_enabled=&#8221;0&#8243; global_colors_info=&#8221;{}&#8221; animation_style=&#8221;fade&#8221; auto=&#8221;on&#8221; auto_speed=&#8221;5000&#8243; sticky_enabled=&#8221;0&#8243;][\/et_pb_gallery][\/et_pb_column][\/et_pb_row][\/et_pb_section][et_pb_section fb_built=&#8221;1&#8243; _builder_version=&#8221;4.10.8&#8243; _module_preset=&#8221;default&#8221; global_colors_info=&#8221;{}&#8221;][et_pb_row _builder_version=&#8221;4.10.8&#8243; _module_preset=&#8221;default&#8221; global_colors_info=&#8221;{}&#8221;][et_pb_column type=&#8221;4_4&#8243; _builder_version=&#8221;4.10.8&#8243; _module_preset=&#8221;default&#8221; global_colors_info=&#8221;{}&#8221;][et_pb_text _builder_version=&#8221;4.14.7&#8243; _module_preset=&#8221;default&#8221; custom_margin=&#8221;-50px||||false|false&#8221; custom_padding=&#8221;0px|||||&#8221; global_colors_info=&#8221;{}&#8221;]<div>\n<p class=\"Standard\"><span>Zasadniczym elementem systemu SDL jest kompaktowe urz\u0105dzenie <\/span><span><a href=\"http:\/\/measline.com\/index.php\/350-2\/\" target=\"_blank\" rel=\"noopener\">AFMinSEM<\/a>\u00a0<\/span><span>umo\u017cliwiaj\u0105ce obrazowanie z du\u017c\u0105 szybko\u015bci\u0105 zapewniaj\u0105c jednoczenie wysok\u0105 rozdzielczo\u015b\u0107. <\/span><\/p>\n<p class=\"Standard\"><span>Pracuj\u0105cy w pr\u00f3\u017cni <a href=\"http:\/\/measline.com\/index.php\/350-2\/\" target=\"_blank\" rel=\"noopener\">AFMinSEM<\/a> mo\u017ce wsp\u00f3\u0142dzia\u0142a\u0107 z r\u00f3\u017cnymi \u017ar\u00f3d\u0142ami wi\u0105zki jon\u00f3w: systemami zogniskowanych wi\u0105zek jonowych, wykorzystuj\u0105cymi emisj\u0119 z ciek\u0142ych metali, szybko pojawiaj\u0105cymi si\u0119 \u017ar\u00f3d\u0142ami jon\u00f3w o wysokiej jasno\u015bci, opartych na pu\u0142apkach magneto-optycznych i jonach ch\u0142odzonych laserem, a tak\u017ce z bardziej konwencjonalnymi systemami szeroko strumieniowymi, stanowi\u0105cymi \u017ar\u00f3d\u0142a jon\u00f3w o niskiej jasno\u015bci.<\/span><\/p>\n<p class=\"Standard\"><span><\/span><\/p>\n<p class=\"Standard\"><span><\/span><\/p>\n<p class=\"Standard\"><span><\/span><\/p>\n<\/div>\n<div>\n<p class=\"Standard\"><span><o:p>\u00a0<\/o:p><\/span><a href=\"https:\/\/www.nanoanalytik.net\/products\/systems\/single-dopant-lithography-afm%E2%80%91sdl\/\" style=\"font-size: 14px;\" target=\"_blank\" rel=\"noopener\">Link do opisu na stronie producenta<\/a><\/p>\n<\/div>\n<div>\n<div>\n<p class=\"Standard\">\n<\/div>\n<div>\n<p class=\"Standard\">\n<\/div>\n<div>\n<p class=\"Standard\">\n<\/div>\n<\/div>[\/et_pb_text][\/et_pb_column][\/et_pb_row][\/et_pb_section]\n","protected":false},"excerpt":{"rendered":"<p>Litografia pojedynczego atomu (AFM-SDL Single Dopant Litography) System SDL wykorzystuje mikroskop si\u0142 atomowych oraz wi\u0105zk\u0119 jonow\u0105 do tworzenia obiekt\u00f3w o rozmiarze pojedynczego atomu, m.in. kropek kwantowych, na powierzchniach krzemowych oraz diamencie. Jest to mo\u017cliwe dzi\u0119ki zastosowaniu piezorezystywnych pr\u00f3bnik\u00f3w, posiadaj\u0105cych niewielki otw\u00f3r w pobli\u017cu ostrza pomiarowego, w kierunku kt\u00f3rego zostaje skierowana wi\u0105zka jon\u00f3w. Ma\u0142y rozmiar otworu [&hellip;]<\/p>\n","protected":false},"author":1,"featured_media":0,"parent":261,"menu_order":0,"comment_status":"closed","ping_status":"closed","template":"","meta":{"_et_pb_use_builder":"on","_et_pb_old_content":"","_et_gb_content_width":"","footnotes":""},"class_list":["post-379","page","type-page","status-publish","hentry"],"yoast_head":"<!-- This site is optimized with the Yoast SEO plugin v27.5 - https:\/\/yoast.com\/product\/yoast-seo-wordpress\/ -->\n<title>Mikroskopy si\u0142 atomowych AFM-SDL - Measline<\/title>\n<meta name=\"description\" content=\"Urz\u0105dzenie wykorzystuje mikroskop si\u0142 atomowych oraz wi\u0105zk\u0119 jonow\u0105 do tworzenia obiekt\u00f3w o rozmiarze pojedynczego atomu, na np. krzemie.\" \/>\n<meta name=\"robots\" content=\"index, follow, max-snippet:-1, max-image-preview:large, max-video-preview:-1\" \/>\n<link rel=\"canonical\" href=\"https:\/\/measline.com\/index.php\/pl\/measline\/produkty\/product_afm\/379-2\/\" \/>\n<meta property=\"og:locale\" content=\"pl_PL\" \/>\n<meta property=\"og:type\" content=\"article\" \/>\n<meta property=\"og:title\" content=\"Mikroskopy si\u0142 atomowych AFM-SDL - Measline\" \/>\n<meta property=\"og:description\" content=\"Urz\u0105dzenie wykorzystuje mikroskop si\u0142 atomowych oraz wi\u0105zk\u0119 jonow\u0105 do tworzenia obiekt\u00f3w o rozmiarze pojedynczego atomu, na np. krzemie.\" \/>\n<meta property=\"og:url\" content=\"https:\/\/measline.com\/index.php\/pl\/measline\/produkty\/product_afm\/379-2\/\" \/>\n<meta property=\"og:site_name\" content=\"Measline\" \/>\n<meta property=\"article:modified_time\" content=\"2022-02-14T10:30:08+00:00\" \/>\n<meta name=\"twitter:card\" content=\"summary_large_image\" \/>\n<meta name=\"twitter:label1\" content=\"Szacowany czas czytania\" \/>\n\t<meta name=\"twitter:data1\" content=\"2 minuty\" \/>\n<script type=\"application\/ld+json\" class=\"yoast-schema-graph\">{\"@context\":\"https:\\\/\\\/schema.org\",\"@graph\":[{\"@type\":\"WebPage\",\"@id\":\"https:\\\/\\\/measline.com\\\/index.php\\\/pl\\\/measline\\\/produkty\\\/product_afm\\\/379-2\\\/\",\"url\":\"https:\\\/\\\/measline.com\\\/index.php\\\/pl\\\/measline\\\/produkty\\\/product_afm\\\/379-2\\\/\",\"name\":\"Mikroskopy si\u0142 atomowych AFM-SDL - Measline\",\"isPartOf\":{\"@id\":\"https:\\\/\\\/measline.com\\\/#website\"},\"datePublished\":\"2021-11-24T14:17:21+00:00\",\"dateModified\":\"2022-02-14T10:30:08+00:00\",\"description\":\"Urz\u0105dzenie wykorzystuje mikroskop si\u0142 atomowych oraz wi\u0105zk\u0119 jonow\u0105 do tworzenia obiekt\u00f3w o rozmiarze pojedynczego atomu, na np. krzemie.\",\"breadcrumb\":{\"@id\":\"https:\\\/\\\/measline.com\\\/index.php\\\/pl\\\/measline\\\/produkty\\\/product_afm\\\/379-2\\\/#breadcrumb\"},\"inLanguage\":\"pl-PL\",\"potentialAction\":[{\"@type\":\"ReadAction\",\"target\":[\"https:\\\/\\\/measline.com\\\/index.php\\\/pl\\\/measline\\\/produkty\\\/product_afm\\\/379-2\\\/\"]}]},{\"@type\":\"BreadcrumbList\",\"@id\":\"https:\\\/\\\/measline.com\\\/index.php\\\/pl\\\/measline\\\/produkty\\\/product_afm\\\/379-2\\\/#breadcrumb\",\"itemListElement\":[{\"@type\":\"ListItem\",\"position\":1,\"name\":\"Strona g\u0142\u00f3wna\",\"item\":\"https:\\\/\\\/measline.com\\\/index.php\\\/pl\\\/\"},{\"@type\":\"ListItem\",\"position\":2,\"name\":\"Strona g\u0142\u00f3wna\",\"item\":\"https:\\\/\\\/measline.com\\\/index.php\\\/pl\\\/\"},{\"@type\":\"ListItem\",\"position\":3,\"name\":\"Produkty\",\"item\":\"https:\\\/\\\/measline.com\\\/index.php\\\/pl\\\/measline\\\/produkty\\\/\"},{\"@type\":\"ListItem\",\"position\":4,\"name\":\"Mikroskopia si\u0142 atomowych\",\"item\":\"https:\\\/\\\/measline.com\\\/index.php\\\/pl\\\/measline\\\/produkty\\\/product_afm\\\/\"},{\"@type\":\"ListItem\",\"position\":5,\"name\":\"AFM SDL\"}]},{\"@type\":\"WebSite\",\"@id\":\"https:\\\/\\\/measline.com\\\/#website\",\"url\":\"https:\\\/\\\/measline.com\\\/\",\"name\":\"Measline\",\"description\":\"Advanced solutions\",\"publisher\":{\"@id\":\"https:\\\/\\\/measline.com\\\/#organization\"},\"potentialAction\":[{\"@type\":\"SearchAction\",\"target\":{\"@type\":\"EntryPoint\",\"urlTemplate\":\"https:\\\/\\\/measline.com\\\/?s={search_term_string}\"},\"query-input\":{\"@type\":\"PropertyValueSpecification\",\"valueRequired\":true,\"valueName\":\"search_term_string\"}}],\"inLanguage\":\"pl-PL\"},{\"@type\":\"Organization\",\"@id\":\"https:\\\/\\\/measline.com\\\/#organization\",\"name\":\"Measline\",\"url\":\"https:\\\/\\\/measline.com\\\/\",\"logo\":{\"@type\":\"ImageObject\",\"inLanguage\":\"pl-PL\",\"@id\":\"https:\\\/\\\/measline.com\\\/#\\\/schema\\\/logo\\\/image\\\/\",\"url\":\"https:\\\/\\\/measline.com\\\/wp-content\\\/uploads\\\/2021\\\/11\\\/logo_color_small.png.png\",\"contentUrl\":\"https:\\\/\\\/measline.com\\\/wp-content\\\/uploads\\\/2021\\\/11\\\/logo_color_small.png.png\",\"width\":1000,\"height\":417,\"caption\":\"Measline\"},\"image\":{\"@id\":\"https:\\\/\\\/measline.com\\\/#\\\/schema\\\/logo\\\/image\\\/\"}}]}<\/script>\n<!-- \/ Yoast SEO plugin. -->","yoast_head_json":{"title":"Mikroskopy si\u0142 atomowych AFM-SDL - Measline","description":"Urz\u0105dzenie wykorzystuje mikroskop si\u0142 atomowych oraz wi\u0105zk\u0119 jonow\u0105 do tworzenia obiekt\u00f3w o rozmiarze pojedynczego atomu, na np. krzemie.","robots":{"index":"index","follow":"follow","max-snippet":"max-snippet:-1","max-image-preview":"max-image-preview:large","max-video-preview":"max-video-preview:-1"},"canonical":"https:\/\/measline.com\/index.php\/pl\/measline\/produkty\/product_afm\/379-2\/","og_locale":"pl_PL","og_type":"article","og_title":"Mikroskopy si\u0142 atomowych AFM-SDL - Measline","og_description":"Urz\u0105dzenie wykorzystuje mikroskop si\u0142 atomowych oraz wi\u0105zk\u0119 jonow\u0105 do tworzenia obiekt\u00f3w o rozmiarze pojedynczego atomu, na np. krzemie.","og_url":"https:\/\/measline.com\/index.php\/pl\/measline\/produkty\/product_afm\/379-2\/","og_site_name":"Measline","article_modified_time":"2022-02-14T10:30:08+00:00","twitter_card":"summary_large_image","twitter_misc":{"Szacowany czas czytania":"2 minuty"},"schema":{"@context":"https:\/\/schema.org","@graph":[{"@type":"WebPage","@id":"https:\/\/measline.com\/index.php\/pl\/measline\/produkty\/product_afm\/379-2\/","url":"https:\/\/measline.com\/index.php\/pl\/measline\/produkty\/product_afm\/379-2\/","name":"Mikroskopy si\u0142 atomowych AFM-SDL - Measline","isPartOf":{"@id":"https:\/\/measline.com\/#website"},"datePublished":"2021-11-24T14:17:21+00:00","dateModified":"2022-02-14T10:30:08+00:00","description":"Urz\u0105dzenie wykorzystuje mikroskop si\u0142 atomowych oraz wi\u0105zk\u0119 jonow\u0105 do tworzenia obiekt\u00f3w o rozmiarze pojedynczego atomu, na np. krzemie.","breadcrumb":{"@id":"https:\/\/measline.com\/index.php\/pl\/measline\/produkty\/product_afm\/379-2\/#breadcrumb"},"inLanguage":"pl-PL","potentialAction":[{"@type":"ReadAction","target":["https:\/\/measline.com\/index.php\/pl\/measline\/produkty\/product_afm\/379-2\/"]}]},{"@type":"BreadcrumbList","@id":"https:\/\/measline.com\/index.php\/pl\/measline\/produkty\/product_afm\/379-2\/#breadcrumb","itemListElement":[{"@type":"ListItem","position":1,"name":"Strona g\u0142\u00f3wna","item":"https:\/\/measline.com\/index.php\/pl\/"},{"@type":"ListItem","position":2,"name":"Strona g\u0142\u00f3wna","item":"https:\/\/measline.com\/index.php\/pl\/"},{"@type":"ListItem","position":3,"name":"Produkty","item":"https:\/\/measline.com\/index.php\/pl\/measline\/produkty\/"},{"@type":"ListItem","position":4,"name":"Mikroskopia si\u0142 atomowych","item":"https:\/\/measline.com\/index.php\/pl\/measline\/produkty\/product_afm\/"},{"@type":"ListItem","position":5,"name":"AFM SDL"}]},{"@type":"WebSite","@id":"https:\/\/measline.com\/#website","url":"https:\/\/measline.com\/","name":"Measline","description":"Advanced solutions","publisher":{"@id":"https:\/\/measline.com\/#organization"},"potentialAction":[{"@type":"SearchAction","target":{"@type":"EntryPoint","urlTemplate":"https:\/\/measline.com\/?s={search_term_string}"},"query-input":{"@type":"PropertyValueSpecification","valueRequired":true,"valueName":"search_term_string"}}],"inLanguage":"pl-PL"},{"@type":"Organization","@id":"https:\/\/measline.com\/#organization","name":"Measline","url":"https:\/\/measline.com\/","logo":{"@type":"ImageObject","inLanguage":"pl-PL","@id":"https:\/\/measline.com\/#\/schema\/logo\/image\/","url":"https:\/\/measline.com\/wp-content\/uploads\/2021\/11\/logo_color_small.png.png","contentUrl":"https:\/\/measline.com\/wp-content\/uploads\/2021\/11\/logo_color_small.png.png","width":1000,"height":417,"caption":"Measline"},"image":{"@id":"https:\/\/measline.com\/#\/schema\/logo\/image\/"}}]}},"_links":{"self":[{"href":"https:\/\/measline.com\/index.php\/wp-json\/wp\/v2\/pages\/379","targetHints":{"allow":["GET"]}}],"collection":[{"href":"https:\/\/measline.com\/index.php\/wp-json\/wp\/v2\/pages"}],"about":[{"href":"https:\/\/measline.com\/index.php\/wp-json\/wp\/v2\/types\/page"}],"author":[{"embeddable":true,"href":"https:\/\/measline.com\/index.php\/wp-json\/wp\/v2\/users\/1"}],"replies":[{"embeddable":true,"href":"https:\/\/measline.com\/index.php\/wp-json\/wp\/v2\/comments?post=379"}],"version-history":[{"count":20,"href":"https:\/\/measline.com\/index.php\/wp-json\/wp\/v2\/pages\/379\/revisions"}],"predecessor-version":[{"id":2847,"href":"https:\/\/measline.com\/index.php\/wp-json\/wp\/v2\/pages\/379\/revisions\/2847"}],"up":[{"embeddable":true,"href":"https:\/\/measline.com\/index.php\/wp-json\/wp\/v2\/pages\/261"}],"wp:attachment":[{"href":"https:\/\/measline.com\/index.php\/wp-json\/wp\/v2\/media?parent=379"}],"curies":[{"name":"wp","href":"https:\/\/api.w.org\/{rel}","templated":true}]}}